 0 = 10*v - 65 - o. What are the prime factors of v?
13
Let t(c) be the third derivative of c**5/60 - c**4/3 - 29*c**3/6 - 2*c**2 + 36. List the prime factors of t(-11).
2, 3, 5
Let v(f) = -f**3 - 10*f**2 - 137*f - 166. List the prime factors of v(-15).
2, 11, 137
Suppose -2*n - 7 = -n. Let r(y) = y**3 - 14*y**2 + 14*y + 1. Let j be r(13). List the prime factors of 2358/j + (-4)/n.
13
Let a(k) = 53*k + 3 - 1 + 2 - 2. Let b be a(1). Suppose 6 = -2*r - 0*r, -x + b = -4*r. List the prime factors of x.
43
Let j(p) = 34*p**3 + 7*p**2 - 33*p + 118. List the prime factors of j(11).
2, 1433
Suppose -18*z - 22*z = -12*z - 225792. What are the prime factors of z?
2, 3, 7
Let x be 13/(-52) + 3/12 + 0. Let c(g) = -10*g + 6 - 8*g + x*g - 2. What are the prime factors of c(-8)?
2, 37
Let q = 17917 - -15747. What are the prime factors of q?
2, 263
Suppose 30*s - 1393496 = -51*s - 23*s. What are the prime factors of s?
13399
Suppose -3*p + 22427 = -442. What are the prime factors of p?
3, 7, 11
Suppose 21*b - 1226 = 20*b. Suppose -b - 394 = -3*n. List the prime factors of n.
2, 3, 5
Let m = 4842 + -2789. What are the prime factors of m?
2053
Suppose 13 = 4*m - 5*l, -m + 46*l - 3 = 51*l. Let c = m - -1390. List the prime factors of c.
2, 3, 29
Let i be 1/(-7) - 148/(-7). Suppose u = -i + 3. Let l = u + 26. What are the prime factors of l?
2
Suppose 104*m - 626551 - 1391984 = 818377. List the prime factors of m.
2, 23, 593
Suppose 0 = 28*c + 104*c - 7142784. List the prime factors of c.
2, 19, 89
Let k(y) = -y**2 - 19*y - 59. Let g be k(-14). List the prime factors of ((-66)/12)/g*-2378.
29, 41
Suppose -8308*t = -8290*t - 444438. What are the prime factors of t?
24691
Let j be (-14)/21 + (-3962)/6. Let d = -391 - j. List the prime factors of d.
2, 3, 5
Let c = 123 - 142. Let q(d) be the third derivative of -d**4/12 + d**3/6 - 5*d**2. List the prime factors of q(c).
3, 13
Let a(q) be the third derivative of -q**4/24 + 7*q**3/3 + 18*q**2. Let p be a(9). Let t = 61 - p. What are the prime factors of t?
2, 7
List the prime factors of ((118303/68)/((-4)/16))/(-1).
6959
Let s = 3911 - 1844. What are the prime factors of s?
3, 13, 53
Suppose -g + 39 = 4*c - 84, 3*c = 3*g + 81. Let o(h) = h**3 - 29*h**2 - 17*h - 62. What are the prime factors of o(c)?
2, 41
Let r(a) = -a**2 - 8*a - 9. Let l be r(-8). Let q(s) = -s**3 - 7*s**2 + 18*s + 2. Let z be q(l). What are the prime factors of (4/(-2))/(z/(-55))?
5, 11
Let a be -13 - ((-8)/28 - (-16)/56). What are the prime factors of a + 43 + (8 - 0)?
2, 19
Let f be (0 - 4/5)*5 + 299. Let v be -12*((-14)/3 - -4). Suppose f = 13*w - v*w. List the prime factors of w.
59
Suppose -12*t + 32*t - 88320 = 0. List the prime factors of t.
2, 3, 23
Let w = 52717 + -26198. What are the prime factors of w?
23, 1153
Let j(d) = 113*d + 1216. What are the prime factors of j(9)?
7, 11, 29
Let i(s) = s**3 - 11*s**2 - 11*s - 8. Let r be i(12). Let y(a) = 97*a - 25. List the prime factors of y(r).
3, 11
Let b = -88 + 110. Suppose -m + 2*l + 169 = 0, -b = 3*l - 7. Let f = 38 + m. What are the prime factors of f?
197
Let c(q) = -q**2 - 17*q - 18. Let l be c(-15). Let w be (2 + -2)/(l/4). Suppose 356 = 5*s + 3*n, w*n - 358 = -5*s - 4*n. List the prime factors of s.
2, 5, 7
Let j(a) = a**3 - 11*a**2 - 23*a**2 + 95 + 21*a - 25*a**2 + 16*a**2. What are the prime factors of j(43)?
2, 499
Suppose -36*r - 11*r = 72*r - 3302726. List the prime factors of r.
2, 13877
Let j(a) = -32*a**2 + 158*a. Let o be j(5). What are the prime factors of (-20)/35*21245/o?
2, 607
Let c(y) = 4362*y**2 - 31*y + 97. List the prime factors of c(2).
17483
Suppose 0 = -u + 3, -2*u = -19*k + 23*k - 35622. What are the prime factors of k?
2, 3, 7, 53
Let h be 9 - (3 - 1 - -2). Suppose h*i + 3*i - 2832 = 0. List the prime factors of i.
2, 3, 59
List the prime factors of 4 + (2/3*2741 - 20/60).
1831
Let w(s) = s**2 + 15*s + 18. Let p be w(-14). Suppose -q - 955 = p*q. Let l = q + 303. What are the prime factors of l?
2, 7
Suppose 5*d - l - 36154 = 0, 0 = -4*d + 3*l + 29035 - 125. List the prime factors of d.
2, 113
Let y be (-4 - 103)/((2/(-34))/1). Let v = y - 1281. Suppose -4*o + 4*b - 57 = -481, -3*b = -5*o + v. What are the prime factors of o?
2, 5, 11
List the prime factors of (4944/96 - 52)/(7125/7126 - 1).
7, 509
Let d(m) = -m**3 - 29*m**2 - 3*m - 87. Let p be d(-29). What are the prime factors of p - (-104)/(((-6)/(-48))/1)?
2, 13
Suppose -49 = 3*l - 2*j - 327, 0 = l - j - 92. Suppose 2*b - m = 41 + 21, 3*b - l = m. List the prime factors of b.
2
Let h(k) = 297*k + 1122. What are the prime factors of h(5)?
3, 11, 79
Suppose 1042042 = -96*g + 3530746. List the prime factors of g.
2, 6481
Let k be 30*(4 - 1 - 2). Suppose 4*v - 95 = -3*d, 3*d + k - 5 = 2*v. Suppose -4*c = 3*q - v, 4*q = -c + 4*c + 35. What are the prime factors of q?
2
Suppose -2*m + 10 = -4*g, -5*m + 12 = 3*g - 0*m. What are the prime factors of (1*g)/(-3 + (-1396)/(-466))?
233
Let d be -1 - (2/(-11) + 1136/(-44)). Suppose -20*l = -d*l. Suppose 6*w - 9*w + 36 = l. What are the prime factors of w?
2, 3
Let c(w) = -w**3 + 4*w**2 - 11*w + 10. Let v be c(5). Let g(r) = -r**3 - 7*r**2 - 3*r + 7. Let t be g(-6). Let b = t - v. What are the prime factors of b?
59
Let t(l) = 300*l. Let j be t(2). Suppose -218*y + j = -217*y. List the prime factors of y.
2, 3, 5
Let n(f) = -3*f**2 + 32*f. Let m be n(-8). Let d be m/(-2) - (-2 + 2). Let o = d - 106. List the prime factors of o.
2, 59
Suppose 5*v + 100 = 5*n, 5*n - 33*v = -32*v + 88. Suppose 15*i - 20768 = -n*i. List the prime factors of i.
11, 59
Suppose -3*l - 670*x + 665*x + 23036 = 0, 2*l - 15350 = 4*x. List the prime factors of l.
3, 853
Let p(a) = -3329*a - 1257. What are the prime factors of p(-5)?
2, 3847
Let x = -968 - -968. Let y be 21/2*(0 + 2). List the prime factors of (y + x)/(-1 + 3 - 1).
3, 7
Let n = -2717 - -2910. List the prime factors of n.
193
Let d(g) = 247*g + 1. Let t be d(1). Suppose q + 2 = t. List the prime factors of q.
2, 3, 41
Suppose 695 = 5*j - 5*p + 2*p, -4*j - 3*p = -583. List the prime factors of j + (-39 - -4)/(-7).
3, 7
Suppose -2*z + 4 + 1 = -5*a, a - 3*z = -14. What are the prime factors of (670/50)/(a/20)?
2, 67
Let w be 12/18 + 3 + 1176/(-9). Let h = w + 151. What are the prime factors of h?
2, 3
Let i(q) = -q**2 - q + 210. Let z be i(0). Suppose 2*o - z = 4*o - 5*k, 324 = -3*o + 3*k. Let l = -64 - o. What are the prime factors of l?
2, 23
Let n(v) = 1363*v - 9347. List the prime factors of n(42).
19, 2521
Let x(g) be the first derivative of g**4/4 - 11*g**3/3 + 8*g**2 - 28*g + 29. What are the prime factors of x(13)?
2, 7, 37
Suppose 44*n + 475*n - 20174049 = 0. What are the prime factors of n?
3, 7, 617
Let w = -67 - -66. Let g(m) = -447*m**3 - m**2 + 2*m + 2. List the prime factors of g(w).
2, 223
Suppose 96 = 12*v - 11*v. Suppose v - 808 = -4*l. What are the prime factors of l?
2, 89
Let w(x) = -x**2 - 11*x + 31. Let j = -18 + 5. Let t be w(j). Suppose -3*o - 491 = -t*y, -y + 101 = -0*y - 2*o. List the prime factors of y.
97
What are the prime factors of 7/28 + 495/132 + 10598/2?
5303
Let b = -4736 + 12201. What are the prime factors of b?
5, 1493
Let f(k) = 690*k**3 - 9*k**2 + 34*k - 11. What are the prime factors of f(4)?
37, 1193
Suppose -4*x - 3 + 11 = 0. Suppose -5*r + 434 = 2*u, 0 = -x*u + 6*u - 4*r - 840. List the prime factors of u.
2, 53
Let b be (24/(-5))/(-2 + (-3445)/(-1725)). Let m = b - 1131. Suppose w = -4*w + m. What are the prime factors of w?
3, 5, 7
What are the prime factors of 1/4 + ((-15)/60)/(1/(-258019))?
5, 7, 19, 97
Let h = 25 + -32. Let x(z) = -3*z**3 + 4*z**3 - 432*z**2 + 10*z - 8 + 443*z**2. List the prime factors of x(h).
2, 59
Suppose 3*y - 3*g + 233 = -43, -3*g - 3 = 0. Let p(s) = s**3 - 9*s**2 + 3*s + 13. Let n be p(7). Let h = n - y. List the prime factors of h.
29
Let o(q) = 2*q**2 + 21*q - 18. Let z = -32 + 9. Let h = 8 + z. What are the prime factors of o(h)?
3, 13
What are the prime factors of (6663514/156 - -34) + (-14)/(-12)?
2, 3, 5, 19
Let b(c) be the second derivative of c**5/20 - 23*c**4/12 + 28*c**3/3 + 11*c**2 + 3*c - 2. What are the prime factors of b(21)?
2, 79
Suppose 0 = -43*c + 35*c + 57609 + 5871. List the prime factors of c.
3, 5, 23
Let u = -509 - -514. Suppose 4428 = u*g